)/(-8)*(b - (-5 + 10)). What is the highest common divisor of 90 and f?
18
Let j(v) = 27*v + 1. Let a be j(10). Let k = a - 211. What is the highest common factor of 135 and k?
15
Let s be (-39575)/(-200) + ((-45)/40)/(-9). Calculate the greatest common divisor of 648 and s.
18
Suppose 0*x - 5*x + 310 = 0. Let h = -13 + x. Suppose -35*m - 70 = -40*m. Calculate the highest common factor of m and h.
7
Let h = 102 + -45. Let b = h + 47. Let w = -89 + b. Calculate the highest common divisor of 75 and w.
15
Suppose 198*n - 195*n - 395 = 4*u, -2*n = -u - 260. What is the greatest common factor of n and 69?
3
Suppose -10*k + 143 - 68 + 365 = 0. What is the greatest common divisor of 52 and k?
4
Suppose 0 = 5*g + 4*s - 34985, 5*s = 3*g + 5269 - 26223. What is the highest common divisor of g and 84?
21
Suppose -68*o = -4*v - 72*o + 316, 89 = v - 4*o. What is the greatest common factor of 5184 and v?
81
Suppose -c + 3230 = -40*v + 35*v, 0 = -2*v + 4*c - 1292. Let q = v - -671. What is the greatest common factor of q and 25?
25
Let c be 8*(-18)/(-12) - -779. Calculate the greatest common divisor of c and 1695.
113
Suppose -1226 = 4*z - 1202, 0 = -4*n - z + 538. Calculate the greatest common factor of 3451 and n.
17
Let q be (-3*139805/105)/(-1) - 16/(-28). Calculate the highest common factor of 255 and q.
85
Let k(n) = -3*n + 21*n**2 - 266 + 80 - n**3 - 10*n + 84. Let y be k(20). Calculate the greatest common factor of y and 912.
38
Suppose -88 = 7*g - 137. Suppose g*z - 816 = -718. Calculate the greatest common divisor of z and 6.
2
Suppose 101*g = 91*g - 60. Let r be (-5 - -37) + 12/g. What is the greatest common divisor of r and 720?
30
Let f(q) = 23*q**3 + 5*q**2 - q. Let o be f(1). Suppose -19 + o = g. What is the greatest common divisor of 112 and g?
8
Let r be ((-312)/(-10))/(12/(-960)*-16). Let m = 841 - 451. What is the highest common factor of m and r?
78
Suppose 11 = 2*m + 3. Suppose -2*i + 84 = m*i. Suppose 3*c = -6, -2*c + 0*c - 116 = -u. Calculate the highest common factor of i and u.
14
Let l be -24*((-220)/8)/(-5). Let k = -55 - l. Let p be (-230)/(-20) + (-2)/4. What is the greatest common factor of k and p?
11
Let g be (-1 - 7) + -9 + 12. Let q be 23 - ((-24)/(9 + g) - -5). Calculate the highest common factor of q and 16.
8
Let t = 3820 + -1644. Let o be 10/55 - t/(-11). Calculate the highest common factor of o and 18.
18
Let b(v) = v**2 + v + 26. Let k = 209 + -209. Let n be b(k). What is the greatest common divisor of 208 and n?
26
Let r(i) = -3*i + 1. Let m be r(-1). Let n be -58 - (-24480)/420 - 2404/(-14). Calculate the highest common divisor of n and m.
4
Let b(c) = c**3 - 29*c**2 + 37*c. Let u be b(28). Suppose -5*i + 17*i = u. Calculate the greatest common factor of 56 and i.
7
Suppose -m + 4*s - 5 = 0, -26 - 8 = -4*m - 2*s. Let z be -21*(-8 + m - (-2)/(-3)). Calculate the greatest common divisor of 14 and z.
7
Let n = 424 - 419. Suppose 0 = -n*g + 15, -20*t = -15*t - 5*g - 735. What is the greatest common divisor of t and 10?
10
Let h(o) = 1340*o - 19484. Let t be h(15). What is the highest common factor of t and 2695?
77
Let a be (-99)/(-132) - ((-25)/4 - 0). Let c(n) = n**3 - 6*n**2 + 2*n - 29. Let k be c(a). Calculate the highest common divisor of 442 and k.
34
Let o(c) = -7*c - 178. Let x be o(-29). Let t be (-21)/3*-1*325/x. What is the greatest common divisor of t and 1365?
91
Suppose 3 = t - 2*t. Let j(s) = -s**3 + s**2 - 9*s - 5. Let q be j(t). Let r be (-2*q/4)/(1 + -2). Calculate the greatest common divisor of r and 29.
29
Let z = 2044 - 2042. Let n be (-2 - -1 - 1) + 2. Suppose z*y + 5*y - 770 = n. What is the greatest common factor of y and 10?
10
Let x be (2 + -1)/((5 + -4)*-1). Let i = x + 5. Let g be (200/(-6))/(i/(-6)). What is the greatest common divisor of g and 550?
50
Suppose -2*a - 3*p + 50 = 0, -4 = -p - 0*p. Suppose -a*n + 2479 = 256. Let f = -8 + 17. What is the highest common factor of n and f?
9
Suppose 25*i - 167 = 733. Calculate the greatest common divisor of i and 828.
36
Let s(b) = 1958*b - 3364. Let p be s(2). Calculate the greatest common factor of 4048 and p.
184
Let h(i) = i**2 + 2*i + 4. Let s be h(-3). Suppose 2*j - 4*p = 50, 2*j - s*j + 5*p = -100. What is the greatest common factor of j and 30?
15
Let n = -8 + 16. Suppose -1773 = -8*q + 17*q. Let b = 205 + q. What is the greatest common factor of n and b?
8
Let i be 1/5*15/3. Let s be -4 + 3 + 2 - i*-11. Calculate the greatest common factor of 9 and s.
3
Let c be 3 + -2 + 2 - 1. Suppose 4*q = -10 + c, 4*q = n - 23. Suppose -w - x + 7 = 0, w + 10 = 5*w - 5*x. Calculate the highest common factor of w and n.
5
Let p = 7298 + -5309. Calculate the highest common divisor of p and 2295.
153
Suppose 9 = -i + 5*m - 2, 4*m = 16. Let c(q) = 5*q - 29. Let s be c(i). Calculate the highest common divisor of s and 208.
16
Suppose 86*a - 30*a = 225680. Calculate the greatest common factor of 10 and a.
10
Suppose -91*v + 88*v - 435 = 0. Let i = -133 - v. Calculate the highest common divisor of i and 96.
12
Let i = -24 + 36. Let h(j) = -j + 16. Let s be h(9). Let r be s*((-288)/(-21))/2. Calculate the highest common factor of i and r.
12
Suppose 101 + 326 = 2*p - 3*u, -p + 2*u = -218. Suppose 5*i = q - 10, -2*i - i = -q + 16. Calculate the greatest common factor of q and p.
25
Suppose 0 = 158*j - 154*j - 5*g - 32959, -g + 1 = 0. What is the greatest common factor of 1608 and j?
201
Let m = -122 - -184. Suppose 390 = 28*i - 478. Calculate the greatest common factor of m and i.
31
Let g be -202 + (1 - 3) + 6. Let o be 11/(g/(-2424)) - 8/(-6). Calculate the greatest common factor of o and 17.
17
Let n(p) = -6*p + 2. Let q be n(-8). Suppose 3*v - 850 = -14*v. Suppose v = -11*j + 13*j. Calculate the highest common factor of q and j.
25
Let l = -6300 - -6872. Calculate the highest common divisor of 338 and l.
26
Suppose w - 10 = p, -5*w - 3*p = -4*p - 46. Calculate the greatest common divisor of w and 2.
1
Let t(g) = 7*g**2 - 11*g - 2. Let o be (-26)/(-6) + 10/(-30). Let k be (-416)/(-65) - o/10. Let m be t(k). Calculate the highest common divisor of m and 23.
23
Let j(x) = -x**3 + 7*x**2 - 4*x. Let s be j(3). Let u(y) = y**3 + 6*y**2 + 6. Let f be u(0). Calculate the highest common factor of s and f.
6
Suppose -18*q + 15*q + 6 = 0. Let x(t) = -t**q + 87 - 37 - 19*t - 42. Let y be x(-17). What is the highest common factor of 70 and y?
14
Suppose -q - 476 = -3*h, 5*h + 6062*q - 840 = 6067*q. Let r(t) = -21*t**3 + t**2 + t + 1. Let x be r(-1). What is the greatest common divisor of x and h?
22
Suppose -m = -2*l - 15547, 123*l = m + 127*l - 15571. Calculate the greatest common divisor of 765 and m.
255
Suppose 5743 = -96*a + 10999 + 38904. Let z(i) = -275*i**3 + i**2. Let r be z(-1). Calculate the greatest common factor of r and a.
92
Let k(b) = -2*b**2 - 21*b - 31. Let h be k(-4). Suppose 1 = q, 3*t - 275 + h = -2*q. What is the greatest common divisor of t and 4?
4
Let k(i) = i**3 - 6*i**2 + 5*i + 3. Let b be k(5). Suppose 49*o - 33*o = -2384. Let y be 105/525 - (o/(-5))/(-1). What is the highest common divisor of b and y?
3
Let z(y) be the second derivative of 9*y + 5*y**2 - 1/20*y**5 + 0 + y**3 - 1/3*y**4. Let h be z(-5). What is the highest common divisor of h and 55?
5
Let d = 91629 + -91621. Let g be 39 - (-1 - (1 - 1)). Calculate the highest common divisor of d and g.
8
Suppose 3*b = -3*l + 432, -4*b + 296 = -2*l - 298. Suppose 0 = 4*v + 16, p + 3*v = 2*v - 1. Calculate the highest common divisor of p and b.
3
Let u = -15955 - -16011. What is the highest common factor of u and 464?
8
Let s be -5 + 3 + 3/9 - 11890/(-6). Calculate the highest common factor of 22 and s.
22
Let h(k) = -k**2 - k + 6. Let r be h(0). Suppose -5*c = -r*c + 17. Let v = -27 + 44. Calculate the greatest common factor of v and c.
17
Suppose 73*d - 5865 = 4*d. Calculate the greatest common divisor of d and 285.
5
Let i be 0 + 106 + 3 - ((2 - 6) + 11). Calculate the greatest common factor of i and 6171.
51
Let o = -4819 + 7305. Calculate the greatest common divisor of o and 66.
22
Suppose 1737 = 22*o - 2751. Let g be 10710/o*36/10. What is the greatest common divisor of 441 and g?
63
Suppose -3914 = 15*z + 23*z. Let c = z - -255. What is the greatest common divisor of 209 and c?
19
Le